 = -11 - -30. Suppose 0 = -0*r + r - k. What is the tens digit of r?
1
Let k(j) = j - 5. Let v be k(7). Let g be (9/6)/((-1)/v). What is the units digit of (-1)/g*(25 + 2)?
9
Let u be 0*(-2 + (-6)/(-4)). Suppose 0*h + 4*h - 92 = u. What is the tens digit of h?
2
Let i be 312/13 - (-1 - -5). Suppose 0 = k - 2*f - i, 0 = -k - f + 11 + 9. What is the units digit of k?
0
Let g(y) = -3*y**2 + 4*y - 3. Let q(n) = 5*n**2 - 8*n + 6. Let u(r) = -5*g(r) - 2*q(r). Let c be u(2). Suppose -d = -6*d + c. What is the units digit of d?
3
Suppose 0 = -5*n - 69 - 6. Let p(i) = i - 1. Let h be p(-2). What is the units digit of n*h*(-3)/(-15)?
9
Suppose 360 = 8*r - 0*r. What is the tens digit of r?
4
Let l(v) = 2*v**3 - 3*v**2 + 2*v - 3. Let g be l(2). Suppose -2*k + g*f + 25 = 0, -2*k + 6 = -2*f - 10. What is the units digit of k?
5
Suppose 6*f - 9*f = -18. What is the units digit of f?
6
Let o(p) = p + 9. Let d be o(-7). Let g = 26 + -37. Let y = d - g. What is the units digit of y?
3
Let j be 76/14 + (-3)/7. Suppose -j*f = -43 - 2. What is the units digit of f?
9
What is the tens digit of (-1780)/40*(-4)/2?
8
Suppose 3*h + 2*h = -4385. Let z = -526 - h. What is the tens digit of z/21 - 6/(-21)?
1
Let b = 28 - 19. Suppose 2*d + 5 = -2*f + 63, b = 3*d. What is the tens digit of f?
2
Let i(v) = v**2 + v + 16. Let o be (1 + 1 - 3) + 1. What is the tens digit of i(o)?
1
Suppose 0 = l - 2*g - 13, 0 = -7*l + 3*l - 5*g - 13. Let c be 2*l/(-6) - 1. What is the units digit of -1 + c*(-1)/1?
1
Let f = 4 - 4. Suppose f = -2*y + 9 - 3. Suppose 5*c = 4*j - y, -2*j - 6*c = -3*c - 29. What is the units digit of j?
7
Let c(s) = s**3 - 3*s**2 + 2*s - 1. Let d be c(3). Suppose d*z + 70 = 255. What is the tens digit of z?
3
Let u = 0 - -26. What is the units digit of u?
6
Let v(s) = 318*s**3 - 3*s**2 + 2. What is the tens digit of v(1)?
1
Let d(l) = l**2 + l + 1. Let n(p) = -4*p**2 - 7. Let q(v) = -5*d(v) - n(v). Let z = 7 - 12. What is the units digit of q(z)?
2
Let v be (0 - 127)*(-14 - -13). Suppose -5*l = v - 347. What is the units digit of l?
4
Let v(k) = -117*k**3 + k**2 + k. What is the units digit of v(-1)?
7
Let w be 2/5 + 32/(-5). What is the units digit of w/(3 + (-20)/6)?
8
Let d = -44 + 84. What is the tens digit of d?
4
What is the tens digit of (3 + 1)/(7/(1372/8))?
9
What is the tens digit of ((-60)/9)/(4/(-24))?
4
Let k(j) = j**3 + 12*j**2 + j - 15. What is the units digit of k(-11)?
5
Let m = 13 + -1. Let x = m + -8. What is the units digit of x?
4
Let m(s) = 4*s**2 + 3*s + 2. Suppose 4*d + 27 = -4*y - 1, 0 = -4*d - 20. What is the tens digit of m(y)?
1
What is the tens digit of 1878/54 - 2/(-9)?
3
Suppose -5*v + 73 = s - 132, -4*v = -5*s - 193. Let n = v + -25. What is the units digit of n?
7
Let v(o) = o. Let t(s) = s**3 - 4*s**2 - 6*s - 4. Let i(w) = -t(w) - 4*v(w). Let q be i(4). Suppose 2*d - q = -d. What is the units digit of d?
4
Suppose 5*x - 3*o = -0*x + 18, -2*x - o + 16 = 0. Let y(f) = f**2 - 3*f - 8. What is the tens digit of y(x)?
1
Let w(b) = 6*b + 8. Let q be w(6). Suppose 0 = -m + 49 - 0. Suppose 4*c = -3*f + q, 5*c - m = -3*f + 9. What is the tens digit of c?
1
Let d = 9 - -30. What is the tens digit of d?
3
Let l = 30 - -20. What is the units digit of l?
0
Let v(n) = 6*n**2 + 4. Let a be v(-5). Let l = -103 + a. Suppose -3*t = 3*i - 51, -3*i - 5*t + l = -0*t. What is the tens digit of i?
1
Let x(d) = 3*d**2 - 3*d - 2. What is the tens digit of x(-2)?
1
Let a(z) = z**3 - z**2 + 2*z - 30. What is the units digit of a(8)?
4
What is the units digit of (-45)/(-2)*(-12)/(-15)?
8
Let l = 291 + -155. What is the units digit of l?
6
Let g(x) = x**3 - 3*x**2 - 7*x + 2. Let j be ((-4)/(-2))/(6/33). Let p = j + -6. What is the tens digit of g(p)?
1
Let r be ((-9)/(-12))/((-3)/(-24)). What is the units digit of 22/2 - 18/r?
8
Let t(z) = -z. Let d be t(11). What is the units digit of (-79)/d + (-8)/44?
7
Let n be (11/(-3) - -4)*12. Suppose g = a + n + 51, 4*g + 4*a = 196. What is the units digit of g?
2
Suppose 2 + 4 = 3*u, -4 = -w + 3*u. What is the tens digit of 102/w - (-2)/(-10)?
1
Let j(s) = -s**2 - 4*s - 3. Let t be j(-3). Suppose -4*c + t*q = -q - 49, -2*q + 46 = 4*c. What is the units digit of c?
2
What is the units digit of (33/4 - 0)*4?
3
Let w = 49 + -11. What is the units digit of w?
8
Suppose -15 = 2*d + c - 90, c + 39 = d. What is the units digit of d?
8
Suppose -3*o = -8*o + 15. Suppose 0 = 4*y + c - 19, -6*c + c = -3*y + 43. What is the units digit of (-2)/(y/(-63)*o)?
7
Let q(z) = 3*z**3 - 6*z**2 - 5*z + 3. What is the tens digit of q(4)?
7
Suppose -5*t = 2*h + 37, -5*h - 145 = 4*t - 9*t. Let l = h + 44. Let z = l + -11. What is the units digit of z?
7
Let o(x) = -x**2 + 11*x - 1. Let r be o(10). Suppose -v = 2*v - r. Suppose -q = -v*q + 22. What is the tens digit of q?
1
Let y = 16 - 11. Let b = 3 + y. What is the units digit of b?
8
Let h = 21 + -13. Let d = h + -2. What is the units digit of d?
6
Suppose -2*w + w = -26. Let a = -12 + w. What is the units digit of a?
4
Let p = -26 - -8. Let z(g) = -g - 30. Let q be z(0). Let a = p - q. What is the units digit of a?
2
Let c(u) = -u**2 + 6*u - 3. Let l be c(6). Let v(j) = -j**2 - 5*j - 4. Let d be v(l). Suppose -10 = -3*s + d*s. What is the units digit of s?
0
Suppose 0 = 2*k + k - 15. Suppose 0*f - k*f + 20 = 3*g, -5*g + 5*f = -20. What is the units digit of g?
5
Suppose -3*w = -3*g - g + 28, 2*w + 2*g = 0. Let z be ((-2)/w)/((-1)/(-8)). Suppose -50 = -z*h + k, 5*k - 2 = 3*h - 4*h. What is the tens digit of h?
1
Suppose 4*n - 6 = -2. What is the units digit of n?
1
Let g(i) = 2*i**2 - 16*i - 4. Let h be g(11). Suppose 3*p = f + h, -2*p + 76 = 2*p - 3*f. What is the tens digit of p?
2
Suppose 8 = 4*u - 2*m - m, 5*m = 3*u - 6. What is the tens digit of (-360)/(-16)*u/3?
1
Suppose 313 - 32 = 5*p + 2*x, -p + 61 = -2*x. What is the units digit of p?
7
Let o = 43 - 27. What is the units digit of o?
6
Let p be (-8)/(-2) + -7 - 5. What is the units digit of 27/2 - 12/p?
5
Let u = 242 + -119. What is the units digit of u?
3
Let c(j) = -j**2 - 26*j - 52. What is the units digit of c(-18)?
2
Let y(n) = -n**2 + 6*n - 1. What is the units digit of y(4)?
7
Suppose 5*v + 0*v = -20, 0 = -p - 2*v + 32. What is the units digit of p?
0
Let c = 245 + 19. What is the units digit of c?
4
Let q = 0 - 5. Let z = 20 + q. Let g = 23 - z. What is the units digit of g?
8
Suppose 0*b = b - 5*c - 188, b = c + 176. What is the hundreds digit of b?
1
Let s = -7 + 12. What is the units digit of s?
5
Let y be (15/(-3))/(3 + -2). What is the units digit of 0/(-1 + 4) - y?
5
Let z = -6 + 6. Let g = 2 - z. Suppose -u + 1 = -g*u, -n - u + 15 = 0. What is the tens digit of n?
1
Suppose 0*o = 6*o - 96. What is the units digit of o?
6
Suppose 3*g + 2*a = -2*g, 5*a + 27 = g. Suppose v + g*v - 3*s = 9, -v = -4*s + 3. What is the units digit of 2/1*(v - 4)?
2
Let o(v) = -12*v + 3*v + v**2 + 0 + 0 - 8. Let p be o(10). Suppose g - 10 = -n + 8, -p*g + 5*n = -15. What is the units digit of g?
5
Suppose -w - 2*s + 11 = s, 4*s = -3*w + 43. What is the tens digit of w?
1
Suppose 3*h - 165 = -45. What is the units digit of h?
0
Suppose c - 3 = -2*o, c + 21 = 4*o + 6. Let h(n) = n**2 - 2*n. What is the units digit of h(o)?
3
Suppose 2*d + 35 = 2*k + 11, k + 3*d = 4. Suppose 0 = 4*y - 6 - k. What is the units digit of ((-6)/8)/((-1)/y)?
3
Suppose 5*i - 4*i = 44. Suppose 0 = 3*l + l - i. What is the units digit of l?
1
Suppose 5*y - 18 = j, 0 + 6 = -2*y - 4*j. Suppose -y*l = -7*l + 56. What is the units digit of l?
4
Let p(m) = 0*m - 4 - 2*m + 1. What is the units digit of p(-6)?
9
Let g(v) = v**3 + 11*v**2 + 10*v - 2. Let c be (-63)/6 + 2/4. Let t be g(c). What is the units digit of (0 - 1 - t)*6?
6
Suppose 5*x = 2*k - 277, 2*k + 3*x - 265 = 4*x. What is the units digit of k?
1
Let k(r) = -2*r - 3 + 4*r + r. Let j be k(5). What is the units digit of (j/15)/(4/90)?
8
Let q = 62 - -32. What is the units digit of q?
4
Suppose -2*c = -l + c - 8, -l - 5*c - 24 = 0. Let p = -8 - l. What is the units digit of ((-2)/6 - -1)*p?
4
Let i = -20 + 39. What is the tens digit of i?
1
Let y = -1 - -6. Suppose 8*p + 60 = 5*p. What is the units digit of ((-3)/4)/(y/p)?
3
Let t = 126 + -72. What is the units digit of t?
4
What is the tens digit of (-2826)/(